ighest common divisor of 24 and m?
2
Suppose 57 = 2*o + 7. Suppose o + 25 = 4*i + 5*w, -4*i - w = -42. What is the greatest common divisor of i and 50?
10
Let x = -28 + 358. Calculate the highest common divisor of x and 33.
33
Let z be (-68747)/(-183) - 2/3. Calculate the greatest common factor of z and 15.
15
Let g(j) = -j. Let c(v) = 12*v + 8. Let t(l) = -c(l) - 8*g(l). Let i be t(4). Let h = 42 + i. What is the highest common divisor of h and 12?
6
Let m be 4/(-14) - (-60)/14. Let z be 28/48*3*m. What is the highest common divisor of z and 7?
7
Let g = -147 + 206. Let l = g - 53. Calculate the greatest common factor of l and 18.
6
Let u = 366 - 105. Calculate the highest common factor of 18 and u.
9
Let r = -115 + 175. Let a = 164 + r. What is the greatest common divisor of 28 and a?
28
Suppose 22*i + 15 = 25*i. What is the highest common factor of 2 and i?
1
Let i be (-3)/(1/9*-3). Let m = -30 + 75. What is the highest common divisor of i and m?
9
Let w(i) = 2*i**2 + i - 6. Let v be w(-5). Suppose 42*x - 40*x = 78. Calculate the highest common divisor of v and x.
39
Let m(g) be the second derivative of -g**4/6 - 20*g**3/3 + 3*g**2 - 19*g. Let d be m(-17). What is the greatest common factor of d and 24?
12
Let d be (-1)/2*(-3 - 5). Suppose r - d*p = 20, r + 0 = p + 5. Suppose n = -5*v + 19, 4*v + 10 = 2*n - r. What is the highest common factor of n and 9?
9
Let r be (-8)/6*(-6)/4. Suppose -5*n = -r + 27, 0 = 3*s + n - 103. Suppose -5*k + s = -k. What is the greatest common divisor of 9 and k?
9
Let m(g) = g**3 + 8*g**2 - 20*g - 130. Let q be m(-5). Calculate the greatest common factor of 75 and q.
15
Suppose -4*u + 3*u = -4*c + 19, 3*u + 12 = 3*c. Suppose 119 = g + 2*q, c*q - 2 = -g + 129. Calculate the greatest common divisor of g and 37.
37
Let o(q) = 31*q + 255. Let d be o(-7). What is the highest common divisor of 342 and d?
38
Let t(b) = 2*b**3 + 24*b**2 - 28*b - 6. Let j be t(-13). Calculate the greatest common divisor of j and 330.
10
Let t be 2*7*(-8)/(64/20). Let w be (-20)/t*-9*(0 + -21). Let c(b) = -b**3 - 4*b**2 - 2*b + 4. Let r be c(-4). Calculate the greatest common factor of r and w.
12
Suppose -2*w + 5*q - 60 = -0*w, 0 = -4*q. Let o be 8*(-5)/w - (-4)/6. Suppose 0 = -p + 8 + 6. What is the highest common divisor of o and p?
2
Let r = 329 + -225. Suppose 6 = -2*a, -7*u + 3*u + 5*a = -23. Let x = u + 11. Calculate the greatest common factor of x and r.
13
Suppose -5*u - 441 = 2*d - 2592, 4*u = 5*d + 1701. Calculate the greatest common factor of u and 22.
11
Let y(v) = -v**2 - 10*v - 11. Let l be y(-8). Suppose -k + 3*k = -w + 77, -3*w = -l*k - 231. What is the greatest common divisor of 7 and w?
7
Let r be 3 - 3/(1 - -2). Suppose 0 = -5*p + r*i + 215, -p - 4*p - 2*i + 235 = 0. Let x = 1632 - 1614. What is the highest common divisor of p and x?
9
Suppose -k - 173 = -5*y, 0 = k + 6 - 3. Calculate the highest common divisor of 2 and y.
2
Suppose -4*t - 18 = -t. Let h(n) = n + 12. Let z be h(t). Let r(i) = i**3 - 4*i**2 + i + 3. Let o be r(z). What is the greatest common divisor of o and 9?
9
Let o be 35/(-28) + (-836)/(-16). What is the highest common divisor of 85 and o?
17
Suppose -101*l + 93*l = -144. What is the greatest common factor of l and 1314?
18
Suppose 5*v = 56 - 21. Let c(z) = -z + 19. Let n be c(-8). Suppose 5*b - 4*r = 78, -4*b + r + n = -31. Calculate the highest common factor of v and b.
7
Let l = -25 + 41. Let j = l + -11. Suppose -3*c - 4*a + 114 = 2*c, -a + 126 = j*c. Calculate the greatest common factor of c and 104.
26
Let r(y) = 2*y**3 - 36*y**2 + 93*y + 67. Let z be r(15). Let n be (56/10)/((-2)/(-5)). What is the highest common factor of n and z?
14
Let h be 4 - 4/((-12)/(-39)). Let v be (h/(-1) + -3)/2. Suppose -u - v = -12. Calculate the greatest common factor of 72 and u.
9
Suppose -3*t + 3*v + 228 = 0, -77*t - 318 = -81*t - 3*v. Calculate the greatest common divisor of t and 104.
26
Suppose -4*h = 0, -3*h = -6*k + 7*k - 26. Calculate the greatest common divisor of k and 182.
26
Let m be (-28)/(-6)*(-12)/(-8). Suppose -5*x = 2*a - 47, -4*a - 5*x = -97 + 8. Calculate the highest common divisor of m and a.
7
Let i(g) = -37*g**3 + 2*g + 1. Let z be i(-1). What is the highest common divisor of 8 and z?
4
Let c = -297 + 143. Let o be (3 + 27/(-6) + 1)*c. Calculate the greatest common factor of 22 and o.
11
Suppose 0*m = -4*m + 44. Let f be 97 - (2 - 6 - -2). What is the highest common factor of f and m?
11
Let r be 1 - (-3 - (0 + 194)). What is the highest common divisor of 88 and r?
22
Let a(l) = -7*l - 1. Let y be a(-5). Suppose 11*u + 4*o = 9*u + 166, 0 = 5*u + 2*o - 423. What is the greatest common divisor of y and u?
17
Let a(b) = -3*b + 3. Let k be a(-5). Suppose 2*l = -29 + 35. Suppose l*u = 5*j - 627, -2*u - 377 = -3*j - u. What is the highest common divisor of k and j?
18
Let p = 256 + -218. Calculate the greatest common factor of 57 and p.
19
Let s be ((-5751)/(-426))/(2/72). What is the greatest common divisor of 90 and s?
18
Let w be 976/14 - (-36)/126. What is the highest common factor of 245 and w?
35
Let y(t) be the first derivative of 5*t**2 - 12. Let m be y(2). What is the greatest common factor of 50 and m?
10
Let b(l) = 2*l**2 - 8*l + 5. Let z be b(6). Suppose -4*x = -55 - z. Calculate the highest common divisor of x and 84.
21
Suppose w + 4*w + 50 = 5*i, -3*i + 4*w + 27 = 0. Calculate the highest common factor of i and 143.
13
Let k(r) = 155*r**2 + 15*r + 30. Let u be k(-2). What is the greatest common divisor of 8 and u?
4
Let u = 493 - 217. Suppose -294 - 57 = -5*l - i, -4*i = -4*l + u. Suppose 5*h - r + 6*r = 115, 4*r = -2*h + 36. What is the highest common divisor of h and l?
14
Suppose -243 - 137 = -4*s. Suppose -9*l = -3*l - 0*l. Suppose l = -4*w + 92 - 16. Calculate the highest common divisor of s and w.
19
Suppose 0*p - 135 = -3*p. Suppose 4*y + 197 = 4*m - y, -3*y + p = m. What is the highest common divisor of 6 and m?
6
Suppose i = 4*b - 58 - 10, 0 = i + 4. Suppose -5*z + 41 = 4*p, 3*z = -2*p + 8*z - 17. Suppose -52 + b = -p*r. Calculate the greatest common divisor of r and 6.
3
Suppose 4*b - 235 - 101 = 0. What is the greatest common divisor of b and 60?
12
Suppose -47*c + 173 = -250. What is the greatest common divisor of 576 and c?
9
Let w = 173 + -158. Calculate the highest common factor of w and 15.
15
Let f(y) = -y**2 - 31*y - 191. Let z be f(-22). Calculate the greatest common divisor of 1141 and z.
7
Let k(g) = -g**3 + 23*g**2 + 4*g - 41. Let f be k(23). What is the highest common factor of 17 and f?
17
Let d(n) = n**2 - 7*n - 8. Let h be d(8). Suppose t - 8 + 4 = h. Calculate the highest common factor of 20 and t.
4
Let z(v) = -2*v - 67. Let t be z(-21). Let n be (-10)/t + 243/5. What is the greatest common divisor of 441 and n?
49
Let k be 4/2*1*-6. Let w be 3*(-2)/k*6. What is the greatest common divisor of 21 and w?
3
Let o(i) = i**2 - 5*i + 2. Let r be o(6). Let p = r + 72. What is the highest common factor of p and 200?
40
Let g(b) = -b**3 + 10*b**2 + 18*b - 3. Let y be g(11). Calculate the highest common divisor of 814 and y.
74
Suppose -3*n - n + 80 = 0. Let x(y) = -y**2 + 14*y + 19. Let z be x(15). Suppose -h + 9 = z. Calculate the greatest common factor of h and n.
5
Suppose 0 = 5*s + 25, 4*s - 12 + 2 = -3*r. Let b be (-2 + 94 - 2)*(3 + -2). Calculate the highest common factor of b and r.
10
Let z(q) = 4*q**3 - 17*q**2 + 13*q - 2. Let j be z(6). Calculate the highest common factor of j and 8.
8
Suppose 37*p = 39*p - 42. Let m = -21 - -24. What is the highest common factor of p and m?
3
Suppose -22 = -2*s + 2*t, 2*t = 2*s + 2*s - 34. Suppose 0 = 11*o - s*o + 30. Let h be (96/9)/(o/(-9)). What is the greatest common factor of 24 and h?
8
Let r(w) = -w**2 + 12*w + 37. Suppose 5*q + 2*q = 91. Let o be r(q). What is the greatest common divisor of 60 and o?
12
Let l be 15*((-18)/(-10))/1. Let s = l - 11. Suppose -99 - 29 = -2*a. Calculate the greatest common divisor of a and s.
16
Let n(l) = l**3 - 8*l**2 - 24*l + 45. Let z be n(10). Suppose 53 = o - 42. What is the highest common divisor of z and o?
5
Suppose -24*q = 16*q - 2320. Calculate the greatest common divisor of q and 464.
58
Suppose 4*p - 36 = -0*p. Suppose 18*g - g = 153. What is the highest common d